{"id":5287,"date":"2018-07-29T13:15:26","date_gmt":"2018-07-29T13:15:26","guid":{"rendered":"http:\/\/language-school.cmsmasters.net\/?page_id=5287"},"modified":"2018-08-19T19:03:33","modified_gmt":"2018-08-19T19:03:33","slug":"testimonials","status":"publish","type":"page","link":"http:\/\/www.ninnikka.fi\/index.php\/testimonials\/","title":{"rendered":"Mit\u00e4 vanhemmat sanovat"},"content":{"rendered":"<style type=\"text\/css\"> \n#cmsmasters_row_69f4de78cd923 .cmsmasters_row_outer_parent { \n\tpadding-top: 50px; \n} \n\n#cmsmasters_row_69f4de78cd923 .cmsmasters_row_outer_parent { \n\tpadding-bottom: 50px; \n} \n\n \n#cmsmasters_heading_69f4de78cde04 { \n\ttext-align:center; \n\tmargin-top:100px; \n\tmargin-bottom:20px; \n} \n\n#cmsmasters_heading_69f4de78cde04 .cmsmasters_heading { \n\ttext-align:center; \n} \n\n#cmsmasters_heading_69f4de78cde04 .cmsmasters_heading, #cmsmasters_heading_69f4de78cde04 .cmsmasters_heading a { \n\tfont-weight:normal; \n\tfont-style:normal; \n\tcolor:#fe677a;\n} \n\n#cmsmasters_heading_69f4de78cde04 .cmsmasters_heading_divider { \n} \n\n \n#cmsmasters_row_69f4de78ce014 .cmsmasters_row_outer_parent { \n\tpadding-top: 20px; \n} \n\n#cmsmasters_row_69f4de78ce014 .cmsmasters_row_outer_parent { \n\tpadding-bottom: 50px; \n} \n\n \n#cmsmasters_row_69f4de78cec29 .cmsmasters_row_outer_parent { \n\tpadding-top: 0px; \n} \n\n#cmsmasters_row_69f4de78cec29 .cmsmasters_row_outer_parent { \n\tpadding-bottom: 0px; \n} \n\n#cmsmasters_row_69f4de78cec29 .cmsmasters_row_inner.cmsmasters_row_fullwidth { \n\tpadding-left:0%; \n} \n#cmsmasters_row_69f4de78cec29 .cmsmasters_row_inner.cmsmasters_row_fullwidth { \n\tpadding-right:0%; \n} \n \n#cmsmasters_divider_69f4de78ced7f { \n\tborder-bottom-width:1px; \n\tborder-bottom-style:solid; \n\tpadding-top:0px; \n\tmargin-bottom:0px; \n} \n \n#cmsmasters_row_69f4de78cedbd .cmsmasters_row_outer_parent { \n\tpadding-top: 20px; \n} \n\n#cmsmasters_row_69f4de78cedbd .cmsmasters_row_outer_parent { \n\tpadding-bottom: 50px; \n} \n\n \n#cmsmasters_row_69f4de78cf3b2 .cmsmasters_row_outer_parent { \n\tpadding-top: 0px; \n} \n\n#cmsmasters_row_69f4de78cf3b2 .cmsmasters_row_outer_parent { \n\tpadding-bottom: 0px; \n} \n\n#cmsmasters_row_69f4de78cf3b2 .cmsmasters_row_inner.cmsmasters_row_fullwidth { \n\tpadding-left:0%; \n} \n#cmsmasters_row_69f4de78cf3b2 .cmsmasters_row_inner.cmsmasters_row_fullwidth { \n\tpadding-right:0%; \n} \n \n#cmsmasters_divider_69f4de78cf4ba { \n\tborder-bottom-width:1px; \n\tborder-bottom-style:solid; \n\tpadding-top:0px; \n\tmargin-bottom:0px; \n} \n \n#cmsmasters_row_69f4de78cf4f6 .cmsmasters_row_outer_parent { \n\tpadding-top: 20px; \n} \n\n#cmsmasters_row_69f4de78cf4f6 .cmsmasters_row_outer_parent { \n\tpadding-bottom: 50px; \n} \n\n \n#cmsmasters_row_69f4de78cf6ab .cmsmasters_row_outer_parent { \n\tpadding-top: 0px; \n} \n\n#cmsmasters_row_69f4de78cf6ab .cmsmasters_row_outer_parent { \n\tpadding-bottom: 0px; \n} \n\n#cmsmasters_row_69f4de78cf6ab .cmsmasters_row_inner.cmsmasters_row_fullwidth { \n\tpadding-left:0%; \n} \n#cmsmasters_row_69f4de78cf6ab .cmsmasters_row_inner.cmsmasters_row_fullwidth { \n\tpadding-right:0%; \n} \n \n#cmsmasters_divider_69f4de78cf72e { \n\tborder-bottom-width:1px; \n\tborder-bottom-style:solid; \n\tpadding-top:0px; \n\tmargin-bottom:0px; \n} \n \n#cmsmasters_row_69f4de78cf75b .cmsmasters_row_outer_parent { \n\tpadding-top: 20px; \n} \n\n#cmsmasters_row_69f4de78cf75b .cmsmasters_row_outer_parent { \n\tpadding-bottom: 50px; \n} \n\n \n#cmsmasters_row_69f4de78cf952 .cmsmasters_row_outer_parent { \n\tpadding-top: 70px; \n} \n\n#cmsmasters_row_69f4de78cf952 .cmsmasters_row_outer_parent { \n\tpadding-bottom: 70px; \n} \n\n \n#cmsmasters_heading_69f4de78cfad9 { \n\ttext-align:left; \n\tmargin-top:0px; \n\tmargin-bottom:30px; \n} \n\n#cmsmasters_heading_69f4de78cfad9 .cmsmasters_heading { \n\ttext-align:left; \n} \n\n#cmsmasters_heading_69f4de78cfad9 .cmsmasters_heading, #cmsmasters_heading_69f4de78cfad9 .cmsmasters_heading a { \n\tfont-weight:300; \n\tfont-style:normal; \n} \n\n#cmsmasters_heading_69f4de78cfad9 .cmsmasters_heading_divider { \n} \n\n<\/style><div id=\"cmsmasters_row_69f4de78cd923\" class=\"cmsmasters_row cmsmasters_color_scheme_default cmsmasters_row_top_default cmsmasters_row_bot_default cmsmasters_row_boxed\">\n<div class=\"cmsmasters_row_outer_parent\">\n<div class=\"cmsmasters_row_outer\">\n<div class=\"cmsmasters_row_inner\">\n<div class=\"cmsmasters_row_margin\">\n<div class=\"cmsmasters_column one_first\">\n\n<div id=\"cmsmasters_heading_69f4de78cde04\" class=\"cmsmasters_heading_wrap cmsmasters_heading_align_center\">\n\t<h1 class=\"cmsmasters_heading\">Mit\u00e4 vanhemmat sanovat<\/h1>\n<\/div>\n<\/div>\n<\/div>\n<\/div>\n<\/div>\n<\/div>\n<\/div>\n<div id=\"cmsmasters_row_69f4de78ce014\" class=\"cmsmasters_row cmsmasters_color_scheme_default cmsmasters_row_top_default cmsmasters_row_bot_default cmsmasters_row_boxed\">\n<div class=\"cmsmasters_row_outer_parent\">\n<div class=\"cmsmasters_row_outer\">\n<div class=\"cmsmasters_row_inner\">\n<div class=\"cmsmasters_row_margin\">\n<div class=\"cmsmasters_column one_first\">\n<div class=\"cmsmasters_quotes_slider_wrap\">\n<script type=\"text\/javascript\">jQuery(document).ready(function () { jQuery(\"#cmsmasters_quotes_slider_69f4de78ce400\").owlCarousel( { singleItem : true, autoPlay : 4000,stopOnHover: true, pagination: false, navigation : false, navigationText : \t[ \"<span class=\\\"cmsmasters_prev_arrow\\\"><span><\/span><\/span>\", \"<span class=\\\"cmsmasters_next_arrow\\\"><span><\/span><\/span>\" ] } );} );<\/script>\n<div id=\"cmsmasters_quotes_slider_69f4de78ce400\" class=\"controls_enable cmsmasters_quotes cmsmasters_quotes_slider cmsmasters_owl_slider owl-carousel\">\n<div class=\"cmsmasters_quote\">\n\r\n<!--_________________________ Start Quotes Boxed Slider Article _________________________ -->\r\n\r\n<article class=\"cmsmasters_quote_inner \">\r\n<figure class=\"cmsmasters_quote_image\"><\/figure><div class=\"cmsmasters_quote_content\">\n<p>Kodinomaisuus n\u00e4kyy p\u00e4iv\u00e4kodissa pienen\u00e4 yksikk\u00f6n\u00e4, hallittavana, rauhallisena ja l\u00e4mpim\u00e4n\u00e4 ilmapiirin\u00e4 sek\u00e4 viihtyis\u00e4n\u00e4 ymp\u00e4rist\u00f6n\u00e4<\/p>\n<\/div><header class=\"cmsmasters_quote_header\"><h2 class=\"cmsmasters_quote_title\">SINI<\/h2><\/header><div class=\"cmsmasters_quote_subtitle_wrap\"><h5 class=\"cmsmasters_quote_subtitle\">5-vuotiaan \u00e4iti<\/h5><\/div><\/article>\r\n<!--_________________________ Finish Quotes Boxed Slider Article _________________________ -->\r\n\r\n<\/div>\n<\/div>\n<\/div>\n<\/div>\n<\/div>\n<\/div>\n<\/div>\n<\/div>\n<\/div>\n<div id=\"cmsmasters_row_69f4de78cec29\" class=\"cmsmasters_row cmsmasters_color_scheme_default cmsmasters_row_top_default cmsmasters_row_bot_default cmsmasters_row_fullwidth\">\n<div class=\"cmsmasters_row_outer_parent\">\n<div class=\"cmsmasters_row_outer\">\n<div class=\"cmsmasters_row_inner cmsmasters_row_fullwidth\">\n<div class=\"cmsmasters_row_margin\">\n<div class=\"cmsmasters_column one_first\">\n\n<div id=\"cmsmasters_divider_69f4de78ced7f\" class=\"cmsmasters_divider cmsmasters_divider_width_long cmsmasters_divider_pos_center\"><\/div>\n<\/div>\n<\/div>\n<\/div>\n<\/div>\n<\/div>\n<\/div>\n<div id=\"cmsmasters_row_69f4de78cedbd\" class=\"cmsmasters_row cmsmasters_color_scheme_default cmsmasters_row_top_default cmsmasters_row_bot_default cmsmasters_row_boxed\">\n<div class=\"cmsmasters_row_outer_parent\">\n<div class=\"cmsmasters_row_outer\">\n<div class=\"cmsmasters_row_inner\">\n<div class=\"cmsmasters_row_margin\">\n<div class=\"cmsmasters_column one_first\">\n<div class=\"cmsmasters_quotes_slider_wrap\">\n<script type=\"text\/javascript\">jQuery(document).ready(function () { jQuery(\"#cmsmasters_quotes_slider_69f4de78cee9a\").owlCarousel( { singleItem : true, autoPlay : 4000,stopOnHover: true, pagination: false, navigation : false, navigationText : \t[ \"<span class=\\\"cmsmasters_prev_arrow\\\"><span><\/span><\/span>\", \"<span class=\\\"cmsmasters_next_arrow\\\"><span><\/span><\/span>\" ] } );} );<\/script>\n<div id=\"cmsmasters_quotes_slider_69f4de78cee9a\" class=\"controls_enable cmsmasters_quotes cmsmasters_quotes_slider cmsmasters_owl_slider owl-carousel\">\n<div class=\"cmsmasters_quote\">\n\r\n<!--_________________________ Start Quotes Boxed Slider Article _________________________ -->\r\n\r\n<article class=\"cmsmasters_quote_inner \">\r\n<figure class=\"cmsmasters_quote_image\"><\/figure><div class=\"cmsmasters_quote_content\">\n<p>Lapsemme viihtyy p\u00e4iv\u00e4kodissa koska hoitajat ovat mukavia ja ammattimaisia. Ilmapiiri p\u00e4iv\u00e4kodissa on todella hyv\u00e4 ja lapsen voi j\u00e4tt\u00e4\u00e4 hoitoon luottavaisin mielin. Lasta tarhasta hakiessa saa hyv\u00e4n ja nopean tietoiskun miten p\u00e4iv\u00e4 on mennyt ja samalla voi vaihtaa tutuksi tulleiden hoitajien kanssa vaikka kes\u00e4loma kuulumiset. \ud83d\ude42 Lapsemme on ollut reilu vuoden p\u00e4iv\u00e4kodissa ja kertaakaan ei ole tullut mieleenk\u00e4\u00e4n vaihtaa p\u00e4iv\u00e4kotia vaikka p\u00e4ivitt\u00e4inen tarhamatka on n. 50 kilometri\u00e4<\/p>\n<\/div><header class=\"cmsmasters_quote_header\"><h2 class=\"cmsmasters_quote_title\">HANNELE<\/h2><\/header><div class=\"cmsmasters_quote_subtitle_wrap\"><h5 class=\"cmsmasters_quote_subtitle\">2-vuotiaan \u00e4iti<\/h5><\/div><\/article>\r\n<!--_________________________ Finish Quotes Boxed Slider Article _________________________ -->\r\n\r\n<\/div>\n<\/div>\n<\/div>\n<\/div>\n<\/div>\n<\/div>\n<\/div>\n<\/div>\n<\/div>\n<div id=\"cmsmasters_row_69f4de78cf3b2\" class=\"cmsmasters_row cmsmasters_color_scheme_default cmsmasters_row_top_default cmsmasters_row_bot_default cmsmasters_row_fullwidth\">\n<div class=\"cmsmasters_row_outer_parent\">\n<div class=\"cmsmasters_row_outer\">\n<div class=\"cmsmasters_row_inner cmsmasters_row_fullwidth\">\n<div class=\"cmsmasters_row_margin\">\n<div class=\"cmsmasters_column one_first\">\n\n<div id=\"cmsmasters_divider_69f4de78cf4ba\" class=\"cmsmasters_divider cmsmasters_divider_width_long cmsmasters_divider_pos_center\"><\/div>\n<\/div>\n<\/div>\n<\/div>\n<\/div>\n<\/div>\n<\/div>\n<div id=\"cmsmasters_row_69f4de78cf4f6\" class=\"cmsmasters_row cmsmasters_color_scheme_default cmsmasters_row_top_default cmsmasters_row_bot_default cmsmasters_row_boxed\">\n<div class=\"cmsmasters_row_outer_parent\">\n<div class=\"cmsmasters_row_outer\">\n<div class=\"cmsmasters_row_inner\">\n<div class=\"cmsmasters_row_margin\">\n<div class=\"cmsmasters_column one_first\">\n<div class=\"cmsmasters_quotes_slider_wrap\">\n<script type=\"text\/javascript\">jQuery(document).ready(function () { jQuery(\"#cmsmasters_quotes_slider_69f4de78cf5c8\").owlCarousel( { singleItem : true, autoPlay : 4000,stopOnHover: true, pagination: false, navigation : false, navigationText : \t[ \"<span class=\\\"cmsmasters_prev_arrow\\\"><span><\/span><\/span>\", \"<span class=\\\"cmsmasters_next_arrow\\\"><span><\/span><\/span>\" ] } );} );<\/script>\n<div id=\"cmsmasters_quotes_slider_69f4de78cf5c8\" class=\"controls_enable cmsmasters_quotes cmsmasters_quotes_slider cmsmasters_owl_slider owl-carousel\">\n<div class=\"cmsmasters_quote\">\n\r\n<!--_________________________ Start Quotes Boxed Slider Article _________________________ -->\r\n\r\n<article class=\"cmsmasters_quote_inner image_disable\">\r\n<div class=\"cmsmasters_quote_content\">\n<p>Lapsemme odottavat aina viikonlopun j\u00e4lkeen innolla p\u00e4\u00e4sy\u00e4 p\u00e4iv\u00e4kotiin. Eik\u00e4 ihme sill\u00e4 joka aamu lapset saavat l\u00e4mminhenkisen vastasnoton p\u00e4iv\u00e4kodin henkil\u00f6kunnalta. Lapsemme viihtyv\u00e4t todella hyvin p\u00e4iv\u00e4kodissa koska sielt\u00e4 he ovat saaneet niin paljon kavereita.<br \/>\nP\u00e4iv\u00e4kodin toiminassa arvostamme hyv\u00e4\u00e4 kommunikointia tuonti ja l\u00e4ht\u00f6tilanteessa.<\/p>\n<\/div><header class=\"cmsmasters_quote_header\"><h2 class=\"cmsmasters_quote_title\">Tommi<\/h2><\/header><div class=\"cmsmasters_quote_subtitle_wrap\"><h5 class=\"cmsmasters_quote_subtitle\">Oskun ja Emmin is\u00e4<\/h5><\/div><\/article>\r\n<!--_________________________ Finish Quotes Boxed Slider Article _________________________ -->\r\n\r\n<\/div>\n<\/div>\n<\/div>\n<\/div>\n<\/div>\n<\/div>\n<\/div>\n<\/div>\n<\/div>\n<div id=\"cmsmasters_row_69f4de78cf6ab\" class=\"cmsmasters_row cmsmasters_color_scheme_default cmsmasters_row_top_default cmsmasters_row_bot_default cmsmasters_row_fullwidth\">\n<div class=\"cmsmasters_row_outer_parent\">\n<div class=\"cmsmasters_row_outer\">\n<div class=\"cmsmasters_row_inner cmsmasters_row_fullwidth\">\n<div class=\"cmsmasters_row_margin\">\n<div class=\"cmsmasters_column one_first\">\n\n<div id=\"cmsmasters_divider_69f4de78cf72e\" class=\"cmsmasters_divider cmsmasters_divider_width_long cmsmasters_divider_pos_center\"><\/div>\n<\/div>\n<\/div>\n<\/div>\n<\/div>\n<\/div>\n<\/div>\n<div id=\"cmsmasters_row_69f4de78cf75b\" class=\"cmsmasters_row cmsmasters_color_scheme_default cmsmasters_row_top_default cmsmasters_row_bot_default cmsmasters_row_boxed\">\n<div class=\"cmsmasters_row_outer_parent\">\n<div class=\"cmsmasters_row_outer\">\n<div class=\"cmsmasters_row_inner\">\n<div class=\"cmsmasters_row_margin\">\n<div class=\"cmsmasters_column one_first\">\n<div class=\"cmsmasters_quotes_slider_wrap\">\n<script type=\"text\/javascript\">jQuery(document).ready(function () { jQuery(\"#cmsmasters_quotes_slider_69f4de78cf84b\").owlCarousel( { singleItem : true, autoPlay : 4000,stopOnHover: true, pagination: false, navigation : false, navigationText : \t[ \"<span class=\\\"cmsmasters_prev_arrow\\\"><span><\/span><\/span>\", \"<span class=\\\"cmsmasters_next_arrow\\\"><span><\/span><\/span>\" ] } );} );<\/script>\n<div id=\"cmsmasters_quotes_slider_69f4de78cf84b\" class=\"controls_enable cmsmasters_quotes cmsmasters_quotes_slider cmsmasters_owl_slider owl-carousel\">\n<div class=\"cmsmasters_quote\">\n\r\n<!--_________________________ Start Quotes Boxed Slider Article _________________________ -->\r\n\r\n<article class=\"cmsmasters_quote_inner image_disable\">\r\n<div class=\"cmsmasters_quote_content\">\n<p>Ninnikassa ryhm\u00e4koot ovat pienet, lapset saavat henkil\u00f6kohtaista hoivaa ja hoitajat tulevat l\u00e4heisemm\u00e4ksi ja lapsella on helppo kiinty\u00e4 hoitajiin, kun vain muutama aikuinen ryhm\u00e4ss\u00e4. Samat kaverit kasvaa ja pysyy samoissa ryhmiss\u00e4 ja pienet ja isot tuntee kaikki toisensa, koska my\u00f6s yhteisi\u00e4 leikkej\u00e4. Lasten vaihtuvuus tarhassa on v\u00e4h\u00e4ist\u00e4.<br \/>\nTarhan v\u00e4ki, lapset ja vanhemmat ovat pieni yhteis\u00f6.<\/p>\n<\/div><header class=\"cmsmasters_quote_header\"><h2 class=\"cmsmasters_quote_title\">Heikki<\/h2><\/header><div class=\"cmsmasters_quote_subtitle_wrap\"><h5 class=\"cmsmasters_quote_subtitle\">Fiinun 3v. is\u00e4<\/h5><\/div><\/article>\r\n<!--_________________________ Finish Quotes Boxed Slider Article _________________________ -->\r\n\r\n<\/div>\n<\/div>\n<\/div>\n<\/div>\n<\/div>\n<\/div>\n<\/div>\n<\/div>\n<\/div>\n<div id=\"cmsmasters_row_69f4de78cf952\" class=\"cmsmasters_row cmsmasters_color_scheme_default .site-main { margin-bottom: 0em; } div.content-area { margin-bottom: 0em; } div.page { margin-bottom: 0em; } cmsmasters_row_top_default cmsmasters_row_bot_default cmsmasters_row_boxed\">\n<div class=\"cmsmasters_row_outer_parent\">\n<div class=\"cmsmasters_row_outer\">\n<div class=\"cmsmasters_row_inner\">\n<div class=\"cmsmasters_row_margin\">\n<div class=\"cmsmasters_column one_half\">\n\n<div id=\"cmsmasters_heading_69f4de78cfad9\" class=\"cmsmasters_heading_wrap cmsmasters_heading_align_left\">\n\t<h2 class=\"cmsmasters_heading\">Kerro mit\u00e4 mielt\u00e4 olet meist\u00e4<\/h2>\n<\/div>\n<div class=\"cmsmasters_contact_form\"><div class=\"cmsmasters-form-builder\">\n<div class=\"cmsmasters_notice cmsmasters_notice_success cmsmasters_theme_icon_check success_box\" style=\"display:none;\">\n<div class=\"notice_icon\"><\/div>\n<div class=\"notice_content\">\n<p>Thank You! <br \/>Your message has been sent successfully.<\/p>\n<\/div>\n<\/div>\n<script type=\"text\/javascript\"> \njQuery(document).ready(function () { \n\tjQuery('#form_5303').validationEngine('attach', { \n\t\tpromptPosition : 'topRight', \n\t\tscroll : false, \n\t\tautoPositionUpdate : true, \n\t\tshowArrow : false \n\t\t} ); \n\tjQuery('#form_5303 a#cmsmasters_5303_formsend').click(function () { \n\t\tjQuery('#form_5303 .loading').animate( { opacity : 1 } , 250); \n\t\tif (jQuery('#form_5303').validationEngine('validate')) { \n\t\t\tjQuery.post('http:\/\/www.ninnikka.fi\/wp-content\/plugins\/cmsmasters-contact-form-builder\/inc\/form-builder-sendmail.php', { \n\t\t\t\tcmsmasters_sinun_nimesi : jQuery('#cmsmasters_sinun_nimesi').val(), \n\t\t\t\tcmsmasters_shkposti_2 : jQuery('#cmsmasters_shkposti_2').val(), \n\t\t\t\tcmsmasters_kommentti : jQuery('#cmsmasters_kommentti').val(), \n\t\t\t\tcontactemail : 'NTMwM3xpbmZvQG5pbm5pa2thLmZpfDUzMDM=', \n\t\t\t\tformname : '5303' \r\t\t\t}, function (data) { \n\t\t\t\tjQuery('#form_5303 .loading').animate( { opacity : 0 } , 250); \n\t\t\t\tjQuery('#form_5303').fadeOut('slow'); \n\t\t\t\tdocument.getElementById('form_5303').reset(); \n\t\t\t\tjQuery('#form_5303').parent().find('.box').hide(); \n\t\t\t\tjQuery('#form_5303').parent().find('.success_box').fadeIn('fast'); \n\t\t\t\tjQuery('html, body').animate( { scrollTop : jQuery('#form_5303').offset().top - 140 } , 'slow'); \n\t\t\t\tjQuery('#form_5303').parent().find('.success_box').delay(5000).fadeOut(1000, function () { \n\t\t\t\t\tjQuery('#form_5303').fadeIn('slow'); \r\t\t\t\t} ); \r\t\t\t} ); \n\t\t\treturn false; \r\t\t} else { \n\t\t\tjQuery('#form_5303 .loading').animate( { opacity : 0 } , 250); \n\t\t\treturn false; \r\t\t} \r\t} ); \r} ); \n<\/script>\n<form action=\"#\" method=\"post\" id=\"form_5303\">\n\n<div class=\"form_info cmsmasters_input one_first\">\n\t<label for=\"cmsmasters_sinun_nimesi\">Sinun nimesi <span class=\"color_2\">*<\/span><\/label>\n\t<div class=\"form_field_wrap\">\n\t\t<input type=\"text\" name=\"cmsmasters_sinun_nimesi\" id=\"cmsmasters_sinun_nimesi\" value=\"\" size=\"35\" class=\"validate[required]\" \/>\r\t<\/div>\n<\/div>\n<div class=\"form_info cmsmasters_input one_first\">\n\t<label for=\"cmsmasters_shkposti_2\">S\u00e4hk\u00f6posti <span class=\"color_2\">*<\/span><\/label>\n\t<div class=\"form_field_wrap\">\n\t\t<input type=\"text\" name=\"cmsmasters_shkposti_2\" id=\"cmsmasters_shkposti_2\" value=\"\" size=\"35\" class=\"validate[required]\" \/>\r\t<\/div>\n<\/div>\n<div class=\"form_info cmsmasters_textarea one_first\">\n\t<label for=\"cmsmasters_kommentti\">Kommentti <span class=\"color_2\">*<\/span><\/label>\n\t<div class=\"form_field_wrap\">\n\t\t<textarea name=\"cmsmasters_kommentti\" id=\"cmsmasters_kommentti\" cols=\"60\" rows=\"10\" class=\"validate[required]\"><\/textarea>\r\t<\/div>\n<\/div>\n<div class=\"cl\"><\/div>\n<div class=\"loading\"><\/div>\n<div class=\"form_info submit_wrap\">\n<a id=\"cmsmasters_5303_formsend\" class=\"cmsmasters_button\" href=\"#\"><span>L\u00e4het\u00e4<\/span><\/a>\n<\/div>\n<div class=\"cl\"><\/div>\n<\/form>\n<\/div><\/div>\n<\/div>\n<div class=\"cmsmasters_column one_half\">\n<div class=\"aligncenter\">\n<div class=\"cmsmasters_img  cmsmasters_image_c\">\n<img decoding=\"async\" src=\"http:\/\/www.ninnikka.fi\/wp-content\/uploads\/2018\/08\/bird1.jpg\" \/>\n<\/div>\n<\/div>\n<\/div>\n<\/div>\n<\/div>\n<\/div>\n<\/div>\n<\/div>\n\n","protected":false},"excerpt":{"rendered":"#cmsmasters_row_69f4de78d290e .cmsmasters_row_outer_parent { padding-top: 50px; } #cmsmasters_row_69f4de78d290e .cmsmasters_row_outer_parent { padding-bottom: 50px; } #cmsmasters_heading_69f4de78d2a1c { text-align:center; margin-top:100px; margin-bottom:20px; } #cmsmasters_heading_69f4de78d2a1c .cmsmasters_heading { text-align:center; } #cmsmasters_heading_69f4de78d2a1c .cmsmasters_heading, #cmsmasters_heading_69f4de78d2a1c .cmsmasters_heading a { font-weight:normal; font-style:normal; color:#fe677a; } #cmsmasters_heading_69f4de78d2a1c .cmsmasters_heading_divider { } Mit\u00e4 vanhemmat sanovat #cmsmasters_row_69f4de78d2a72 .cmsmasters_row_outer_parent { padding-top: 20px; } #cmsmasters_row_69f4de78d2a72 .cmsmasters_row_outer_parent { padding-bottom: 50px; } jQuery(document).ready(function () {...","protected":false},"author":1,"featured_media":0,"parent":0,"menu_order":0,"comment_status":"closed","ping_status":"closed","template":"","meta":{"om_disable_all_campaigns":false,"_monsterinsights_skip_tracking":false,"_monsterinsights_sitenote_active":false,"_monsterinsights_sitenote_note":"","_monsterinsights_sitenote_category":0,"footnotes":""},"class_list":["post-5287","page","type-page","status-publish","hentry"],"yoast_head":"<!-- This site is optimized with the Yoast SEO plugin v24.9 - https:\/\/yoast.com\/wordpress\/plugins\/seo\/ -->\n<title>Mit\u00e4 vanhemmat sanovat - Ninnikka P&auml;iv&auml;koti<\/title>\n<meta name=\"robots\" content=\"index, follow, max-snippet:-1, max-image-preview:large, max-video-preview:-1\" \/>\n<link rel=\"canonical\" href=\"https:\/\/www.ninnikka.fi\/index.php\/testimonials\/\" \/>\n<meta property=\"og:locale\" content=\"en_US\" \/>\n<meta property=\"og:type\" content=\"article\" \/>\n<meta property=\"og:title\" content=\"Mit\u00e4 vanhemmat sanovat - Ninnikka P&auml;iv&auml;koti\" \/>\n<meta property=\"og:url\" content=\"https:\/\/www.ninnikka.fi\/index.php\/testimonials\/\" \/>\n<meta property=\"og:site_name\" content=\"Ninnikka P&auml;iv&auml;koti\" \/>\n<meta property=\"article:modified_time\" content=\"2018-08-19T19:03:33+00:00\" \/>\n<meta name=\"twitter:card\" content=\"summary_large_image\" \/>\n<meta name=\"twitter:label1\" content=\"Est. reading time\" \/>\n\t<meta name=\"twitter:data1\" content=\"4 minutes\" \/>\n<script type=\"application\/ld+json\" class=\"yoast-schema-graph\">{\"@context\":\"https:\/\/schema.org\",\"@graph\":[{\"@type\":\"WebPage\",\"@id\":\"https:\/\/www.ninnikka.fi\/index.php\/testimonials\/\",\"url\":\"https:\/\/www.ninnikka.fi\/index.php\/testimonials\/\",\"name\":\"Mit\u00e4 vanhemmat sanovat - Ninnikka P&auml;iv&auml;koti\",\"isPartOf\":{\"@id\":\"http:\/\/www.ninnikka.fi\/#website\"},\"datePublished\":\"2018-07-29T13:15:26+00:00\",\"dateModified\":\"2018-08-19T19:03:33+00:00\",\"breadcrumb\":{\"@id\":\"https:\/\/www.ninnikka.fi\/index.php\/testimonials\/#breadcrumb\"},\"inLanguage\":\"en\",\"potentialAction\":[{\"@type\":\"ReadAction\",\"target\":[\"https:\/\/www.ninnikka.fi\/index.php\/testimonials\/\"]}]},{\"@type\":\"BreadcrumbList\",\"@id\":\"https:\/\/www.ninnikka.fi\/index.php\/testimonials\/#breadcrumb\",\"itemListElement\":[{\"@type\":\"ListItem\",\"position\":1,\"name\":\"Home\",\"item\":\"http:\/\/www.ninnikka.fi\/\"},{\"@type\":\"ListItem\",\"position\":2,\"name\":\"Mit\u00e4 vanhemmat sanovat\"}]},{\"@type\":\"WebSite\",\"@id\":\"http:\/\/www.ninnikka.fi\/#website\",\"url\":\"http:\/\/www.ninnikka.fi\/\",\"name\":\"Ninnikka P\u00e4iv\u00e4koti\",\"description\":\"Turvallinen ja kodinomainen varhaiskasvatus\",\"publisher\":{\"@id\":\"http:\/\/www.ninnikka.fi\/#organization\"},\"potentialAction\":[{\"@type\":\"SearchAction\",\"target\":{\"@type\":\"EntryPoint\",\"urlTemplate\":\"http:\/\/www.ninnikka.fi\/?s={search_term_string}\"},\"query-input\":{\"@type\":\"PropertyValueSpecification\",\"valueRequired\":true,\"valueName\":\"search_term_string\"}}],\"inLanguage\":\"en\"},{\"@type\":\"Organization\",\"@id\":\"http:\/\/www.ninnikka.fi\/#organization\",\"name\":\"Ninnikka P\u00e4iv\u00e4koti\",\"url\":\"http:\/\/www.ninnikka.fi\/\",\"logo\":{\"@type\":\"ImageObject\",\"inLanguage\":\"en\",\"@id\":\"http:\/\/www.ninnikka.fi\/#\/schema\/logo\/image\/\",\"url\":\"http:\/\/www.ninnikka.fi\/wp-content\/uploads\/2018\/07\/ninnikka_logo_round_small.png\",\"contentUrl\":\"http:\/\/www.ninnikka.fi\/wp-content\/uploads\/2018\/07\/ninnikka_logo_round_small.png\",\"width\":500,\"height\":500,\"caption\":\"Ninnikka P\u00e4iv\u00e4koti\"},\"image\":{\"@id\":\"http:\/\/www.ninnikka.fi\/#\/schema\/logo\/image\/\"}}]}<\/script>\n<!-- \/ Yoast SEO plugin. -->","yoast_head_json":{"title":"Mit\u00e4 vanhemmat sanovat - Ninnikka P&auml;iv&auml;koti","robots":{"index":"index","follow":"follow","max-snippet":"max-snippet:-1","max-image-preview":"max-image-preview:large","max-video-preview":"max-video-preview:-1"},"canonical":"https:\/\/www.ninnikka.fi\/index.php\/testimonials\/","og_locale":"en_US","og_type":"article","og_title":"Mit\u00e4 vanhemmat sanovat - Ninnikka P&auml;iv&auml;koti","og_url":"https:\/\/www.ninnikka.fi\/index.php\/testimonials\/","og_site_name":"Ninnikka P&auml;iv&auml;koti","article_modified_time":"2018-08-19T19:03:33+00:00","twitter_card":"summary_large_image","twitter_misc":{"Est. reading time":"4 minutes"},"schema":{"@context":"https:\/\/schema.org","@graph":[{"@type":"WebPage","@id":"https:\/\/www.ninnikka.fi\/index.php\/testimonials\/","url":"https:\/\/www.ninnikka.fi\/index.php\/testimonials\/","name":"Mit\u00e4 vanhemmat sanovat - Ninnikka P&auml;iv&auml;koti","isPartOf":{"@id":"http:\/\/www.ninnikka.fi\/#website"},"datePublished":"2018-07-29T13:15:26+00:00","dateModified":"2018-08-19T19:03:33+00:00","breadcrumb":{"@id":"https:\/\/www.ninnikka.fi\/index.php\/testimonials\/#breadcrumb"},"inLanguage":"en","potentialAction":[{"@type":"ReadAction","target":["https:\/\/www.ninnikka.fi\/index.php\/testimonials\/"]}]},{"@type":"BreadcrumbList","@id":"https:\/\/www.ninnikka.fi\/index.php\/testimonials\/#breadcrumb","itemListElement":[{"@type":"ListItem","position":1,"name":"Home","item":"http:\/\/www.ninnikka.fi\/"},{"@type":"ListItem","position":2,"name":"Mit\u00e4 vanhemmat sanovat"}]},{"@type":"WebSite","@id":"http:\/\/www.ninnikka.fi\/#website","url":"http:\/\/www.ninnikka.fi\/","name":"Ninnikka P\u00e4iv\u00e4koti","description":"Turvallinen ja kodinomainen varhaiskasvatus","publisher":{"@id":"http:\/\/www.ninnikka.fi\/#organization"},"potentialAction":[{"@type":"SearchAction","target":{"@type":"EntryPoint","urlTemplate":"http:\/\/www.ninnikka.fi\/?s={search_term_string}"},"query-input":{"@type":"PropertyValueSpecification","valueRequired":true,"valueName":"search_term_string"}}],"inLanguage":"en"},{"@type":"Organization","@id":"http:\/\/www.ninnikka.fi\/#organization","name":"Ninnikka P\u00e4iv\u00e4koti","url":"http:\/\/www.ninnikka.fi\/","logo":{"@type":"ImageObject","inLanguage":"en","@id":"http:\/\/www.ninnikka.fi\/#\/schema\/logo\/image\/","url":"http:\/\/www.ninnikka.fi\/wp-content\/uploads\/2018\/07\/ninnikka_logo_round_small.png","contentUrl":"http:\/\/www.ninnikka.fi\/wp-content\/uploads\/2018\/07\/ninnikka_logo_round_small.png","width":500,"height":500,"caption":"Ninnikka P\u00e4iv\u00e4koti"},"image":{"@id":"http:\/\/www.ninnikka.fi\/#\/schema\/logo\/image\/"}}]}},"_links":{"self":[{"href":"http:\/\/www.ninnikka.fi\/index.php\/wp-json\/wp\/v2\/pages\/5287","targetHints":{"allow":["GET"]}}],"collection":[{"href":"http:\/\/www.ninnikka.fi\/index.php\/wp-json\/wp\/v2\/pages"}],"about":[{"href":"http:\/\/www.ninnikka.fi\/index.php\/wp-json\/wp\/v2\/types\/page"}],"author":[{"embeddable":true,"href":"http:\/\/www.ninnikka.fi\/index.php\/wp-json\/wp\/v2\/users\/1"}],"replies":[{"embeddable":true,"href":"http:\/\/www.ninnikka.fi\/index.php\/wp-json\/wp\/v2\/comments?post=5287"}],"version-history":[{"count":22,"href":"http:\/\/www.ninnikka.fi\/index.php\/wp-json\/wp\/v2\/pages\/5287\/revisions"}],"predecessor-version":[{"id":9272,"href":"http:\/\/www.ninnikka.fi\/index.php\/wp-json\/wp\/v2\/pages\/5287\/revisions\/9272"}],"wp:attachment":[{"href":"http:\/\/www.ninnikka.fi\/index.php\/wp-json\/wp\/v2\/media?parent=5287"}],"curies":[{"name":"wp","href":"https:\/\/api.w.org\/{rel}","templated":true}]}}